.
80
Calculate the highest common divisor of 117 and 288.
9
What is the greatest common divisor of 1403 and 122?
61
Calculate the greatest common divisor of 106 and 371.
53
Calculate the greatest common factor of 3827 and 301.
43
What is the greatest common divisor of 615 and 1353?
123
What is the greatest common factor of 308 and 66?
22
Calculate the highest common divisor of 851 and 37.
37
What is the greatest common divisor of 136 and 64?
8
What is the greatest common factor of 312 and 832?
104
Calculate the greatest common factor of 8 and 96.
8
Calculate the greatest common divisor of 4 and 292.
4
Calculate the highest common divisor of 1890 and 70.
70
Calculate the highest common divisor of 200 and 8.
8
What is the greatest common divisor of 2369 and 46?
23
What is the highest common divisor of 42 and 336?
42
What is the highest common factor of 78 and 1014?
78
Calculate the greatest common divisor of 24 and 300.
12
What is the highest common factor of 100 and 125?
25
Calculate the greatest common divisor of 74 and 6401.
37
What is the highest common factor of 899 and 145?
29
Calculate the greatest common divisor of 16992 and 8.
8
What is the greatest common divisor of 24 and 60?
12
Calculate the greatest common factor of 7 and 359.
1
What is the greatest common divisor of 434 and 98?
14
Calculate the greatest common divisor of 73169 and 19.
19
What is the greatest common divisor of 11320 and 40?
40
What is the highest common divisor of 86 and 22274?
86
Calculate the greatest common factor of 672 and 42.
42
Calculate the greatest common divisor of 208 and 1456.
208
Calculate the highest common factor of 407 and 1837.
11
Calculate the greatest common factor of 252 and 1785.
21
Calculate the highest common factor of 1841 and 7.
7
What is the highest common divisor of 306 and 1088?
34
Calculate the highest common divisor of 66 and 4114.
22
Calculate the highest common factor of 40 and 440.
40
What is the highest common divisor of 132 and 156?
12
Calculate the greatest common divisor of 54 and 1854.
18
Calculate the greatest common factor of 189 and 210.
21
Calculate the highest common factor of 75 and 135.
15
Calculate the highest common factor of 5 and 335.
5
What is the greatest common divisor of 412 and 3502?
206
What is the greatest common divisor of 78 and 130?
26
Calculate the highest common factor of 77 and 1925.
77
What is the highest common divisor of 8 and 24952?
8
What is the highest common divisor of 23370 and 60?
30
What is the highest common divisor of 34 and 17884?
34
Calculate the greatest common factor of 90 and 195.
15
Calculate the greatest common factor of 9 and 12.
3
What is the greatest common divisor of 455 and 3835?
65
What is the highest common divisor of 890 and 2937?
89
Calculate the greatest common factor of 3165 and 30.
15
Calculate the highest common factor of 12 and 90.
6
Calculate the greatest common divisor of 7222 and 322.
46
Calculate the greatest common factor of 304 and 96.
16
What is the greatest common factor of 871 and 67?
67
Calculate the greatest common factor of 20 and 65.
5
What is the greatest common divisor of 28 and 2828?
28
What is the greatest common divisor of 95 and 9690?
95
What is the greatest common factor of 99 and 2?
1
What is the greatest common factor of 4 and 244?
4
Calculate the highest common divisor of 172 and 215.
43
Calculate the greatest common factor of 5319 and 1379.
197
Calculate the highest common factor of 360 and 144.
72
Calculate the highest common divisor of 214 and 2461.
107
What is the greatest common factor of 1207 and 102?
17
What is the greatest common factor of 7 and 31416?
7
Calculate the greatest common divisor of 307 and 3.
1
Calculate the greatest common divisor of 79 and 8611.
79
What is the highest common divisor of 17 and 4?
1
What is the highest common divisor of 384 and 512?
128
Calculate the highest common factor of 4 and 2528.
4
Calculate the highest common divisor of 10 and 790.
10
Calculate the greatest common divisor of 272 and 102.
34
What is the highest common divisor of 81 and 11259?
81
What is the highest common factor of 15 and 255?
15
What is the highest common divisor of 30 and 730?
10
Calculate the highest common divisor of 7 and 574.
7
Calculate the highest common divisor of 90 and 10.
10
Calculate the highest common divisor of 130 and 52.
26
What is the greatest common factor of 564 and 12?
12
Calculate the highest common factor of 160 and 208.
16
What is the greatest common factor of 5082 and 121?
121
What is the greatest common factor of 104 and 8?
8
What is the highest common factor of 402 and 18?
6
What is the highest common factor of 9 and 333?
9
What is the highest common factor of 76 and 532?
76
What is the highest common divisor of 9 and 120?
3
What is the greatest common divisor of 133 and 7?
7
What is the greatest common factor of 124 and 93?
31
What is the greatest common factor of 696 and 580?
116
Calculate the highest common factor of 136 and 34.
34
What is the greatest common divisor of 4296 and 192?
24
Calculate the highest common factor of 72 and 25848.
72
Calculate the greatest common divisor of 164 and 943.
41
What is the greatest common divisor of 2 and 214?
2
What is the greatest common divisor of 45 and 27?
9
Calculate the highest common divisor of 901 and 17.
17
What is the highest common divisor of 20041 and 98?
49
What is the greatest common factor of 20 and 640?
20
Calculate the highest common factor of 371 and 424.
53
What is the greatest common divisor of 3 and 5940?
3
Calculate the highest common divisor of 6498 and 228.
114
What is the greatest common divisor of 214 and 4173?
107
What is the greatest common factor of 20770 and 465?
155
Calculate the greatest common divisor of 68 and 1.
1
What is the greatest common factor of 10 and 854?
2
What is the greatest common factor of 943 and 161?
23
Calculate the greatest common divisor of 4667 and 130.
13
Calculate the greatest common divisor of 117 and 63.
9
Calculate the highest common factor of 6032 and 4.
4
Calculate the greatest common divisor of 45 and 10.
5
Calculate the greatest common divisor of 195 and 435.
15
Calculate the greatest common factor of 30375 and 125.
125
What is the greatest common factor of 56 and 1694?
14
Calculate the highest common divisor of 148 and 296.
148
What is the greatest common divisor of 459 and 102?
51
Calculate the greatest common factor of 200 and 40.
40
What is the greatest common factor of 4712 and 152?
152
Calculate the highest common factor of 12 and 164.
4
What is the highest common factor of 104 and 49?
1
Calculate the greatest common divisor of 99 and 22.
11
What is the greatest common factor of 1551 and 33?
33
What is the highest common factor of 16 and 512?
16
Calculate the highest common divisor of 7 and 66577.
7
Calculate the highest common factor of 198 and 66.
66
What is the highest common factor of 68 and 153?
17
What is the highest common factor of 70 and 10?
10
Calculate the highest common factor of 393 and 3.
3
What is the greatest common divisor of 77 and 1589?
7
Calculate the greatest common factor of 217 and 341.
31
What is the greatest common divisor of 21 and 672?
21
Calculate the highest common divisor of 36 and 9.
9
Calculate the highest common factor of 24 and 90.
6
Calculate the highest common divisor of 377 and 29.
29
What is the greatest common factor of 136 and 14008?
136
Calculate the greatest common factor of 76 and 190.
38
Calculate the highest common divisor of 375 and 34625.
125
Calculate the greatest common factor of 96 and 2528.
32
What is the highest common factor of 152 and 760?
152
What is the greatest common divisor of 81 and 207?
9
What is the greatest common factor of 430 and 30?
10
Calculate the highest common divisor of 10794 and 42.
42
What is the greatest common factor of 2241 and 81?
27
What is the highest common factor of 72 and 264?
24
Calculate the highest common factor of 10 and 16970.
10
What is the greatest common factor of 477 and 636?
159
Calculate the highest common divisor of 304 and 10.
2
What is the highest common divisor of 116 and 174?
58
What is the highest common divisor of 370 and 222?
74
Calculate the greatest common divisor of 510 and 30.
30
Calculate the hig